divisor of k and z.
17
Suppose 455*t - 439*t - 640 = 0. What is the greatest common divisor of t and 230?
10
Let q = 18 + 4. Suppose 0 = 5*i + 26 - 1. Let p be 151 - (-6 + (-15)/i). What is the greatest common factor of p and q?
22
Suppose 5*c + 204 - 8 = -3*z, 3*c - 5*z + 104 = 0. Let p = c + 45. Let w be (p - -39)*(-14)/(-4). What is the greatest common divisor of w and 23?
23
Suppose 2051*t + 4224 = 2183*t. What is the highest common divisor of 36656 and t?
16
Suppose -4*h - 8 = 8*c - 12*c, -c + 14 = 3*h. Suppose 38 = h*i - 4*t, 20*t - 15*t = -10. Calculate the greatest common divisor of 25 and i.
5
Let h be (63/(-18) - 54/(-4)) + 2. What is the highest common divisor of h and 1956?
12
Let h = 22317 + -20645. Calculate the highest common divisor of 1045 and h.
209
Suppose 120*p = 90*p + 26970. What is the greatest common divisor of p and 217?
31
Let y(t) = 5*t**3 + t**2 - 1. Let v be y(-1). Let o(q) = q + 7. Let a be o(v). Suppose 0 = -a*x - 5 + 9. Calculate the greatest common divisor of 4 and x.
2
Let w(k) = -2*k**2 + 80*k - 135. Let r be w(38). What is the greatest common factor of 3196 and r?
17
Suppose 10 = 5*k, 3*f + k = 8*f - 123. Suppose -146 - 579 = -f*o. Calculate the greatest common factor of 87 and o.
29
Suppose -7*d - 50*d = 22*d - 52614. Calculate the highest common divisor of 72 and d.
18
Let v = -375 - -378. Suppose t - v*b = 301, -4*b = 3*t - 680 - 184. Calculate the highest common divisor of t and 73.
73
Let w be (-50)/3*(63/(-15) + 3). What is the highest common divisor of 8420 and w?
20
Let q = 1622 + -634. What is the greatest common factor of 169 and q?
13
Let m(o) = -7*o**3 + 15*o**2 + 15*o + 59. Let k be m(-7). Calculate the highest common factor of 90 and k.
30
Suppose 42 = 2*h + 2*p, -2*h = 9*p - 13*p. Suppose -1 = 3*d - 10, -i = 2*d - 12. Calculate the greatest common divisor of h and i.
2
Suppose -170 = -2*b + 712. Let u = -14103 + 14130. What is the highest common factor of b and u?
9
Let p = 122 + -84. Let n be ((-513)/(-135))/(3/75). Calculate the highest common factor of n and p.
19
Let n be (-40)/6 + 5 - (-2)/(-6). Let r be 1/(0 - -2)*n + 4. What is the greatest common divisor of 3 and r?
3
Let w = 27 + 49. Let x be 38/(-6)*(3 + -4 + -2). Suppose 0 = -2*a + 5*o + 38, 0 = a - 0*o + o - x. Calculate the highest common factor of w and a.
19
Suppose 24 = -14*v + 2*v. Let i be 4 + (-184)/(-2) + (1 - v). Let k = -67 + 78. Calculate the greatest common factor of k and i.
11
Let i be 5 + 3/(1 + -4). Suppose 4*h - 278 = -5*p + h, -i*h = 2*p - 100. What is the greatest common divisor of p and 145?
29
Let p be -4*(0 + -1)*(-1 + 2). Suppose -p*s = -2 - 18. Suppose 2*t - 78 = -s*b + 106, 5*b - 3*t = 199. Calculate the greatest common factor of b and 19.
19
Let d be (-24)/(-240) + (-29)/(-10). Suppose -57 = -d*z + u, 16 = 4*u + 4. Calculate the greatest common factor of z and 220.
20
Let d = 870 - -90. What is the highest common divisor of 510 and d?
30
Suppose 13*p + p + 15666 = 0. Let x = p + 1636. Calculate the highest common divisor of x and 11.
11
Let j be ((-4)/(20/87))/(3/(-10)). Suppose 7*k + 2 = j. Calculate the highest common factor of k and 68.
4
Suppose -2*q = -2*v, -2*v + q = -1572 + 1568. Let m(r) = r - 1. Let y be m(3). Suppose 0 = -v*s + y*s + 96. What is the highest common divisor of s and 24?
24
Let w(y) = -13*y - 409. Let p be w(-32). Let c be ((-4)/5)/(p/(-175)). Let d be (-70)/3*3*-1. What is the greatest common divisor of d and c?
10
Let g be ((-9)/27)/(4/(-2328)). Suppose -g = -4*w - 166. Calculate the highest common factor of 21 and w.
7
Let u be -1 + -17 + (-414 - -466). What is the highest common factor of 49844 and u?
34
Let u = 18 + 12. Let l = 2013 - 1443. Calculate the greatest common divisor of u and l.
30
Let i be 1 + (0 - 0) - -80. Let a be 5/(-25) - (-2 - 11/5). Suppose 45 = a*m + m. Calculate the greatest common divisor of m and i.
9
Let p(h) = -9*h**3 + 2*h**2 + h + 5. Let f be p(-3). Let z = f + -181. Calculate the highest common factor of z and 2.
2
Let g be (-1 - 158)*(12 - 13). Suppose -22241 = 56*j - 258*j + 20583. What is the greatest common divisor of g and j?
53
Let j(w) = -3*w**2 - 29*w + 3. Let b be j(-9). Let m = b - -13. What is the greatest common divisor of m and 4?
2
Let i = 4466 - 4119. Calculate the greatest common factor of i and 2.
1
Suppose 10*g + 4*g = -728. Let h be -1 + 14/8 + g/(-16). Let k be 3 + 24 + 1*(-12)/h. What is the highest common divisor of 36 and k?
12
Let v = -13386 + 13794. Let b(k) = -52*k - 1. Let o be b(-1). What is the highest common divisor of v and o?
51
Let t be (252/(-16))/3*(-2624)/12. Suppose o = 4*k + 300, 8*o + t = 12*o - 3*k. Calculate the highest common factor of 4 and o.
4
Let h = 8305 + -5785. Calculate the greatest common factor of h and 35.
35
Let g be -1*(10 + 1) - -191. Calculate the highest common factor of g and 1185.
15
Let h(y) = 2*y**2 - 18*y - 608. Let m be h(44). What is the highest common divisor of 24 and m?
24
Let a(x) = -2*x**3 - 14*x**2 - 22*x - 25. Let m be a(-6). What is the highest common factor of 266 and m?
7
Suppose -r = 5*k - 143, -338 = -2*r + 4*k - 24. Let m(x) = -x**3 - 8*x**2 + 9. Let z be m(-8). What is the greatest common factor of z and r?
9
Suppose 36579 = 3*r + 730*u - 728*u, -3*r + 5*u = -36579. What is the greatest common divisor of r and 89?
89
Suppose 4*c - 6*c = 3*n - 533, 0 = c - 4*n - 272. Suppose -4*o + 4*t = -c, -2*t - 57 + 179 = 2*o. What is the greatest common factor of o and 448?
64
Let s = 543 + -1050. Let l = 93 - s. What is the highest common divisor of l and 24?
24
Let i = 495 + -298. Let r be (-2)/13 + i/13. Let b(x) = -15*x + 660. Let c be b(31). Calculate the greatest common factor of c and r.
15
Let d = 298 - 257. Suppose -d*r + 62*r = 504. What is the highest common divisor of 30 and r?
6
Let n(r) = -r**3 - 7*r**2 + 25*r + 15. Let v be ((-2)/(-5))/((-3)/75). Let u be n(v). Calculate the highest common factor of u and 26.
13
Let z(d) = d**3 - 12*d**2 + 22*d + 76. Let p be z(10). Calculate the greatest common factor of p and 17232.
48
Let s(f) = f**3 + 9*f**2 - 21*f + 15. Let y be s(-11). Let i(m) = 100*m - 73. Let v be i(y). Calculate the highest common divisor of 3 and v.
3
Let j(l) = -9*l**3 - 819*l**2 - 6*l + 70. Let f be j(-91). What is the highest common divisor of 484 and f?
44
Let v be -7 + 6 + (10 - 42/7). What is the highest common factor of 49 and v?
1
Suppose 55*r - 54*r = 2*y + 4392, 4*r = y + 17596. Calculate the greatest common divisor of 300 and r.
100
Suppose 2*f = -2*m + 18 + 14, 5*f - 72 = 3*m. Let z be (4 - 2)/(-2)*-135. What is the greatest common factor of f and z?
15
Let u = 8 + 5. Suppose 4*o + 2*p = 482, o - 89 = -94*p + 98*p. What is the greatest common divisor of u and o?
13
Let w be (24/15)/((-3312)/(-330) + -10). Calculate the greatest common factor of w and 33.
11
Suppose 3*s - 567 - 1329 = f, -5*f + 3140 = 5*s. Let i = s - 541. Calculate the highest common factor of i and 240.
30
Suppose 4*s = -3*g + 50, -2*g + 93*s = 94*s - 35. Let h be (-18)/(-36)*g*3. Calculate the highest common divisor of h and 3.
3
Let b = 19 - -7. Let a = 5074 - 4996. What is the highest common divisor of b and a?
26
Suppose -5*x = -k + 5*k + 20, -2*x - 3*k - 15 = 0. Suppose x = c + 17 - 35. Calculate the greatest common factor of 198 and c.
18
Suppose -11*v - 5061 + 9917 + 16594 = 0. Calculate the greatest common factor of v and 75.
75
Let x(j) = 9*j**2 + 62*j + 15. Let p be x(-8). Let k = 11 - -27. What is the highest common divisor of k and p?
19
Suppose -6*r + 95 = -169. What is the highest common divisor of r and 946?
22
Suppose 0 = 5*d + 4*m - 5318, -3*d + 2837 = -m - 347. What is the highest common factor of d and 126?
18
Let x(q) = 94*q + 8. Let n(l) = l**2 - 3*l - 22. Let b be n(-4). Let y be x(b). What is the highest common factor of y and 52?
52
Let z be 48/14 + 21/(-49). Suppose -5*t + 5*r = -10*t + 40, -3 = -z*t + 4*r. Calculate the highest common factor of 205 and t.
5
Let v be -1*135*236/(-1180). What is the greatest common factor of v and 144?
9
Let z(l) = l**3 - 6*l**2 - 6*l + 92. Let g be z(8). Let o(y) = -y**3 + 8*y**2 + 15*y - 21. Let s be o(5). What is the highest common divisor of s and g?
43
Suppose 5464*k - 5463*k + 2892 = 5*u, 40 = 5*k. What is the hi